{"id":229,"date":"2025-12-13T03:38:39","date_gmt":"2025-12-13T03:38:39","guid":{"rendered":"https:\/\/estudiosomori.cl\/?page_id=229"},"modified":"2025-12-15T17:18:08","modified_gmt":"2025-12-15T17:18:08","slug":"servicios","status":"publish","type":"page","link":"https:\/\/estudiosomori.cl\/?page_id=229","title":{"rendered":"Servicios"},"content":{"rendered":"\n<div class=\"wp-block-kenta-blocks-spacer kb-spacer-9be6bbc9 kb-spacer\" aria-hidden=\"true\"><\/div>\n\n\n\n<div class=\"wp-block-kenta-blocks-cover alignfull kb-cover-e9f74b4e kb-cover kb-cover-has-overlay\"><div class=\"kb-cover-inner-container\">\n<div class=\"wp-block-kenta-blocks-section kb-section-6b511efd kb-section\">\n<div class=\"wp-block-kenta-blocks-column kb-column-wrapper kb-column-wrapper-05fb1a03\"><div class=\"kb-column kb-column-05fb1a03\"><div class=\"kb-column-content\">\n<hr class=\"wp-block-kenta-blocks-separator kb-separator-1173daec kb-separator\"\/>\n\n\n\n<div class=\"wp-block-kenta-blocks-heading kb-heading kb-heading-h1 kb-heading-c6ddcfd0 kenta-scroll-reveal\"><h1 class=\"\">NUESTROS SErVICIOS <mark style=\"background-color:rgba(0, 0, 0, 0)\" class=\"has-inline-color has-kenta-primary-color\"> <\/mark><\/h1><\/div>\n\n\n\n<hr class=\"wp-block-kenta-blocks-separator kb-separator-1632fad1 kb-separator\"\/>\n\n\n\n<div class=\"wp-block-kenta-blocks-paragraph kb-paragraph kb-paragraph-1cfc3775\"><p class=\"\"><strong>SOLUCIONES AMBIENTALES Y EDUCATIVAS DESARROLLADAS A MEDIDA<mark style=\"background-color:rgba(0, 0, 0, 0)\" class=\"has-inline-color has-kenta-primary-color\"> <\/mark><\/strong><\/p><\/div>\n\n\n\n<hr class=\"wp-block-kenta-blocks-separator kb-separator-f2f5ac2f kb-separator\"\/>\n\n\n\n<div class=\"wp-block-kenta-blocks-paragraph kb-paragraph kb-paragraph-c4d8fce3 kenta-scroll-reveal\"><p class=\"\">Dise\u00f1amos experiencias educativas, procesos de vinculaci\u00f3n y servicios ambientales basados en ciencia y contexto local.<\/p><\/div>\n<\/div><\/div><\/div>\n<\/div>\n<\/div><\/div>\n\n\n\n<div class=\"wp-block-kenta-blocks-cover alignfull kb-cover-3308ea2c kb-cover\" id=\"servicios-educacion\"><div class=\"kb-cover-inner-container\">\n<div class=\"wp-block-kenta-blocks-spacer kb-spacer-9ab081a1 kb-spacer\" aria-hidden=\"true\" id=\"tributario\"><\/div>\n\n\n\n<div class=\"wp-block-media-text is-stacked-on-mobile is-image-fill-element kenta-scroll-reveal\" style=\"grid-template-columns:47% auto\"><figure class=\"wp-block-media-text__media\"><img loading=\"lazy\" decoding=\"async\" width=\"546\" height=\"364\" src=\"https:\/\/estudiosomori.cl\/wp-content\/uploads\/2025\/12\/educacion.png\" alt=\"\" class=\"wp-image-406 size-full\" style=\"object-position:32% 51%\" srcset=\"https:\/\/estudiosomori.cl\/wp-content\/uploads\/2025\/12\/educacion.png 546w, https:\/\/estudiosomori.cl\/wp-content\/uploads\/2025\/12\/educacion-300x200.png 300w\" sizes=\"auto, (max-width: 546px) 100vw, 546px\" \/><\/figure><div class=\"wp-block-media-text__content\">\n<p style=\"border-style:none;border-width:0px;margin-top:0;margin-bottom:0;font-size:clamp(14px, 0.875rem + ((1vw - 3.2px) * 0.244), 16px);\"><strong>Formaci\u00f3n<\/strong><\/p>\n\n\n\n<div class=\"wp-block-kenta-blocks-heading kb-heading kb-heading-h3 kb-heading-ad25241c kenta-scroll-reveal\"><h3 class=\"\"><strong>EDUCACI\u00d3N<\/strong><\/h3><\/div>\n\n\n\n<div class=\"wp-block-kenta-blocks-paragraph kb-paragraph kb-paragraph-0b3789b7 kenta-scroll-reveal\"><p class=\"\">En <strong>Estudios Omori<\/strong> desarrollamos <strong>programas y experiencias de educaci\u00f3n ambiental<\/strong> orientadas a fortalecer la comprensi\u00f3n del entorno natural y la relaci\u00f3n entre las personas y su territorio. Nuestro enfoque integra conocimiento cient\u00edfico, aprendizaje activo y contexto local, adapt\u00e1ndose a distintos p\u00fablicos y niveles formativos.<br><br>Trabajamos con comunidades, establecimientos educacionales, instituciones y organizaciones, dise\u00f1ando procesos educativos a medida que promueven la reflexi\u00f3n, el pensamiento cr\u00edtico y la participaci\u00f3n, con el objetivo de generar aprendizajes significativos y duraderos.<\/p><\/div>\n<\/div><\/div>\n\n\n\n<hr class=\"wp-block-kenta-blocks-separator kb-separator-2b48695e kb-separator\"\/>\n\n\n\n<details class=\"wp-block-mamaduka-toggles wp-block-toggles\"><summary>M\u00e1s Informaci\u00f3n<\/summary><div class=\"wp-block-toggles__content\">\n<div class=\"wp-block-kenta-blocks-paragraph kb-paragraph kb-paragraph-2654dfb3\"><p class=\"\"><strong>Caracter\u00edsticas de nuestro servicio de Educaci\u00f3n Ambiental<\/strong>:<\/p><\/div>\n\n\n\n<ul class=\"wp-block-list\">\n<li class=\"has-text-color has-link-color has-x-small-font-size wp-elements-f7f2ef157ad929e979fe7fe87bbc4ea3\" style=\"color:#5e5e57\">Dise\u00f1o e implementaci\u00f3n de <strong>programas educativos personalizados<\/strong>, adaptados a distintos contextos territoriales, institucionales y comunitarios.<\/li>\n\n\n\n<li class=\"has-text-color has-link-color has-x-small-font-size wp-elements-85d5f9618edf752f748debda9a375ee4\" style=\"color:#5e5e57\">Desarrollo de <strong>talleres y actividades formativas<\/strong> para ni\u00f1as, ni\u00f1os, j\u00f3venes y personas adultas, considerando distintos niveles de conocimiento previo.<\/li>\n\n\n\n<li class=\"has-text-color has-link-color has-x-small-font-size wp-elements-defbd9217f52676b772b371778e05584\" style=\"color:#5e5e57\">Integraci\u00f3n de <strong>aprendizaje activo<\/strong>, trabajo en terreno y metodolog\u00edas participativas que fomentan la reflexi\u00f3n y el pensamiento cr\u00edtico.<\/li>\n\n\n\n<li class=\"has-text-color has-link-color has-x-small-font-size wp-elements-54cbda767d1d63f4de489933fa265e44\" style=\"color:#5e5e57\">Elaboraci\u00f3n de <strong>materiales did\u00e1cticos y recursos educativos<\/strong> ajustados a los objetivos de cada iniciativa.<br>Programas de educaci\u00f3n ambiental para <strong>establecimientos educacionales, comunidades, organizaciones sociales e instituciones p\u00fablicas o privadas<\/strong>.<\/li>\n\n\n\n<li class=\"has-text-color has-link-color has-x-small-font-size wp-elements-ec4f7cffc5f61c2f4f624973885f7333\" style=\"color:#5e5e57\">Enfoque basado en <strong>ciencia, territorio y contexto local<\/strong>, promoviendo una relaci\u00f3n informada y responsable con el entorno natural.<\/li>\n<\/ul>\n<\/div><\/details>\n<\/div><\/div>\n\n\n\n<hr class=\"wp-block-kenta-blocks-separator kb-separator-f42227d5 kb-separator\"\/>\n\n\n\n<div class=\"wp-block-media-text alignwide has-media-on-the-right is-stacked-on-mobile is-image-fill-element kenta-scroll-reveal\" style=\"grid-template-columns:auto 39%\" id=\"servicios-comunicacion\"><div class=\"wp-block-media-text__content\">\n<p style=\"border-style:none;border-width:0px;font-size:clamp(14px, 0.875rem + ((1vw - 3.2px) * 0.244), 16px);\"><strong>Integral<\/strong><\/p>\n\n\n\n<div class=\"wp-block-kenta-blocks-heading kb-heading kb-heading-h3 kb-heading-ea639b75 kenta-scroll-reveal\"><h3 class=\"\"><strong>COMUNICACI\u00d3N<\/strong><\/h3><\/div>\n\n\n\n<div class=\"wp-block-kenta-blocks-paragraph kb-paragraph kb-paragraph-fb2c1f4d kenta-scroll-reveal\"><p class=\"\">En <strong>Estudios Omori<\/strong> desarrollamos servicios de <strong>comunicaci\u00f3n y divulgaci\u00f3n cient\u00edfica<\/strong> orientados a traducir el conocimiento t\u00e9cnico en mensajes claros, accesibles y rigurosos. Acompa\u00f1amos proyectos, investigaciones e iniciativas ambientales en el proceso de comunicar resultados, procesos e impactos a p\u00fablicos diversos.<br><br>Nuestro enfoque combina <strong>precisi\u00f3n cient\u00edfica, claridad narrativa y adecuaci\u00f3n al contexto<\/strong>, fortaleciendo la comprensi\u00f3n, el di\u00e1logo y la toma de decisiones informadas.<\/p><\/div>\n<\/div><figure class=\"wp-block-media-text__media\"><img loading=\"lazy\" decoding=\"async\" width=\"546\" height=\"364\" src=\"https:\/\/estudiosomori.cl\/wp-content\/uploads\/2025\/12\/comunicacion-cientifica-servicio.png\" alt=\"\" class=\"wp-image-438 size-full\" style=\"object-position:50% 50%\" srcset=\"https:\/\/estudiosomori.cl\/wp-content\/uploads\/2025\/12\/comunicacion-cientifica-servicio.png 546w, https:\/\/estudiosomori.cl\/wp-content\/uploads\/2025\/12\/comunicacion-cientifica-servicio-300x200.png 300w\" sizes=\"auto, (max-width: 546px) 100vw, 546px\" \/><\/figure><\/div>\n\n\n\n<details class=\"wp-block-mamaduka-toggles wp-block-toggles\"><summary>M\u00e1s informaci\u00f3n<\/summary><div class=\"wp-block-toggles__content\">\n<p class=\"has-text-color has-link-color wp-elements-9a1ceaf0b987da8ec90a0c975769e6bd\" style=\"color:#5e5e57;font-size:13px\"><strong>Caracter\u00edsticas de nuestro servicio de Comunicaci\u00f3n y Divulgaci\u00f3n Cient\u00edfica<\/strong><\/p>\n\n\n\n<ul class=\"wp-block-list\">\n<li class=\"has-text-color has-link-color has-x-small-font-size wp-elements-cc6b3f3841e64786678916d9a1b5e0ee\" style=\"color:#5e5e57\">Dise\u00f1o de estrategias de <strong>divulgaci\u00f3n cient\u00edfica<\/strong> para p\u00fablicos no especializados.<\/li>\n\n\n\n<li class=\"has-text-color has-link-color has-x-small-font-size wp-elements-d278adf53d44cc1ab92c6ef542805ae0\" style=\"color:#5e5e57\">Redacci\u00f3n, edici\u00f3n y adaptaci\u00f3n de <strong>contenidos cient\u00edficos y t\u00e9cnicos<\/strong> a distintos formatos y audiencias.<\/li>\n\n\n\n<li class=\"has-text-color has-link-color has-x-small-font-size wp-elements-a85c639c6007a469a4e1ec3a2317390a\" style=\"color:#5e5e57\">Elaboraci\u00f3n de materiales de difusi\u00f3n para proyectos acad\u00e9micos, institucionales y comunitarios.<\/li>\n\n\n\n<li class=\"has-text-color has-link-color has-x-small-font-size wp-elements-bcac98eb2b8c87923c76850558c4ae68\" style=\"color:#5e5e57\">Apoyo en la <strong>comunicaci\u00f3n de resultados, procesos e impactos<\/strong> de iniciativas ambientales.<\/li>\n\n\n\n<li class=\"has-text-color has-link-color has-x-small-font-size wp-elements-fd59dda3892f73c354c2d4857063cd5e\" style=\"color:#5e5e57\">Desarrollo de contenidos para medios digitales, presentaciones, documentos y materiales educativos.<\/li>\n\n\n\n<li class=\"has-text-color has-link-color has-x-small-font-size wp-elements-753a5bf0e59fae2d07f8c1d519920ace\" style=\"color:#5e5e57\">Enfoque basado en <strong>rigor cient\u00edfico, claridad comunicacional y pertinencia territorial<\/strong>.<\/li>\n<\/ul>\n<\/div><\/details>\n\n\n\n<hr class=\"wp-block-kenta-blocks-separator kb-separator-602b4437 kb-separator\"\/>\n\n\n\n<div class=\"wp-block-media-text alignwide is-stacked-on-mobile is-image-fill-element kenta-scroll-reveal\" style=\"grid-template-columns:47% auto\" id=\"servicios-consultorias\"><figure class=\"wp-block-media-text__media\"><img loading=\"lazy\" decoding=\"async\" width=\"546\" height=\"364\" src=\"https:\/\/estudiosomori.cl\/wp-content\/uploads\/2025\/12\/servicio-Consultoria-Ambiental.png\" alt=\"\" class=\"wp-image-445 size-full\" style=\"object-position:50% 50%\" srcset=\"https:\/\/estudiosomori.cl\/wp-content\/uploads\/2025\/12\/servicio-Consultoria-Ambiental.png 546w, https:\/\/estudiosomori.cl\/wp-content\/uploads\/2025\/12\/servicio-Consultoria-Ambiental-300x200.png 300w\" sizes=\"auto, (max-width: 546px) 100vw, 546px\" \/><\/figure><div class=\"wp-block-media-text__content\">\n<p style=\"border-style:none;border-width:0px;margin-top:0;margin-bottom:0;font-size:clamp(14px, 0.875rem + ((1vw - 3.2px) * 0.244), 16px);\"><strong><strong>An\u00e1lisis<\/strong><\/strong><\/p>\n\n\n\n<div class=\"wp-block-kenta-blocks-heading kb-heading kb-heading-h3 kb-heading-31a8fd9d kenta-scroll-reveal\"><h3 class=\"\"><strong>CONSULTOR\u00cdAS AMBIENTALES<\/strong><\/h3><\/div>\n\n\n\n<div class=\"wp-block-kenta-blocks-paragraph kb-paragraph kb-paragraph-dd7fbe98 kenta-scroll-reveal\"><p class=\"\">En <strong>Estudios Omori<\/strong> ofrecemos <strong>consultor\u00edas ambientales basadas en evidencia cient\u00edfica<\/strong>, orientadas a comprender, evaluar y apoyar la toma de decisiones responsables sobre el territorio. Nuestro trabajo integra an\u00e1lisis t\u00e9cnico, conocimiento ecol\u00f3gico y comprensi\u00f3n del contexto ambiental y social de cada proyecto.<br><br>Desarrollamos servicios a medida, adaptados a las caracter\u00edsticas, objetivos y alcances de cada iniciativa..<\/p><\/div>\n<\/div><\/div>\n\n\n\n<details class=\"wp-block-mamaduka-toggles wp-block-toggles\"><summary>M\u00e1s informaci\u00f3n<\/summary><div class=\"wp-block-toggles__content\">\n<p class=\"has-text-color has-link-color wp-elements-a6639ae8ca08c16d7cb7eaec391ae94c\" style=\"color:#5e5e57;font-size:13px\"><strong>Caracter\u00edsticas de nuestro servicio de Consultor\u00eda Ambiental<\/strong><\/p>\n\n\n\n<ul class=\"wp-block-list\">\n<li class=\"has-text-color has-link-color has-x-small-font-size wp-elements-3d0a7ec71082815e2071bb60a0cca035\" style=\"color:#5e5e57\">Desarrollo de <strong>estudios y l\u00edneas de base ambientales<\/strong> para proyectos p\u00fablicos y privados.<\/li>\n\n\n\n<li class=\"has-text-color has-link-color has-x-small-font-size wp-elements-ef93b31a7e274d358f52d2bf181b41d4\" style=\"color:#5e5e57\">Muestreo y an\u00e1lisis de componentes ambientales como<strong> agua, suelo, flora, fauna y paisaje.<\/strong><\/li>\n\n\n\n<li class=\"has-text-color has-link-color has-x-small-font-size wp-elements-ffb42408d91e2140f444a7943dc2f88d\" style=\"color:#5e5e57\">Apoyo t\u00e9cnico para procesos de evaluaci\u00f3n, planificaci\u00f3n y gesti\u00f3n ambiental.<\/li>\n\n\n\n<li class=\"has-text-color has-link-color has-x-small-font-size wp-elements-abf05f1cc6b176457049fcefc1b1b693\" style=\"color:#5e5e57\">Elaboraci\u00f3n de <strong>informes t\u00e9cnicos con respaldo cient\u00edfico<\/strong>, claros y contextualizados.<\/li>\n\n\n\n<li class=\"has-text-color has-link-color has-x-small-font-size wp-elements-e84c25c8229b9f3f7d27a7f163674715\" style=\"color:#5e5e57\">Asesor\u00eda ambiental adaptada a distintos territorios y escalas de intervenci\u00f3n.<\/li>\n\n\n\n<li class=\"has-text-color has-link-color has-x-small-font-size wp-elements-698da3c69cab7f2092955c465b58edf7\" style=\"color:#5e5e57\">Enfoque interdisciplinario, integrando ciencia, territorio y toma de decisiones.<\/li>\n<\/ul>\n<\/div><\/details>\n\n\n\n<hr class=\"wp-block-kenta-blocks-separator kb-separator-fd9197bd kb-separator\"\/>\n\n\n\n<hr class=\"wp-block-kenta-blocks-separator kb-separator-9fcb0549 kb-separator\"\/>\n\n\n\n<div class=\"wp-block-media-text alignwide has-media-on-the-right is-stacked-on-mobile is-image-fill-element kenta-scroll-reveal\" style=\"grid-template-columns:auto 41%\" id=\"servicios-vinculacion\"><div class=\"wp-block-media-text__content\">\n<p style=\"border-style:none;border-width:0px;font-size:clamp(14px, 0.875rem + ((1vw - 3.2px) * 0.244), 16px);\"><strong>Integral<\/strong><\/p>\n\n\n\n<div class=\"wp-block-kenta-blocks-heading kb-heading kb-heading-h3 kb-heading-dde2714a kenta-scroll-reveal\"><h3 class=\"\"><strong>VINCULACI\u00d3N CON EL MEDIO<\/strong><\/h3><\/div>\n\n\n\n<div class=\"wp-block-kenta-blocks-paragraph kb-paragraph kb-paragraph-919d7b3e kenta-scroll-reveal\"><p class=\"\">En <strong>Estudios Omori<\/strong> desarrollamos servicios de <strong>comunicaci\u00f3n y divulgaci\u00f3n cient\u00edfica<\/strong> orientados a traducir el conocimiento t\u00e9cnico en mensajes claros, accesibles y rigurosos. Acompa\u00f1amos proyectos, investigaciones e iniciativas ambientales en el proceso de comunicar resultados, procesos e impactos a p\u00fablicos diversos.<br><br>En <strong>Estudios Omori<\/strong> entendemos la vinculaci\u00f3n con el medio como un proceso <strong>bidireccional y colaborativo<\/strong>, que fortalece las relaciones entre instituciones, comunidades y territorios. Facilitamos espacios de di\u00e1logo y participaci\u00f3n que permiten construir conocimiento y acciones con sentido local.<br><br>Acompa\u00f1amos iniciativas que buscan generar impacto social, educativo y ambiental desde una perspectiva participativa y contextualizada.<\/p><\/div>\n<\/div><figure class=\"wp-block-media-text__media\"><img loading=\"lazy\" decoding=\"async\" width=\"546\" height=\"364\" src=\"https:\/\/estudiosomori.cl\/wp-content\/uploads\/2025\/12\/vinculacion-con-el-medio-servicio.png\" alt=\"\" class=\"wp-image-448 size-full\" style=\"object-position:48% 65%\" srcset=\"https:\/\/estudiosomori.cl\/wp-content\/uploads\/2025\/12\/vinculacion-con-el-medio-servicio.png 546w, https:\/\/estudiosomori.cl\/wp-content\/uploads\/2025\/12\/vinculacion-con-el-medio-servicio-300x200.png 300w\" sizes=\"auto, (max-width: 546px) 100vw, 546px\" \/><\/figure><\/div>\n\n\n\n<details class=\"wp-block-mamaduka-toggles wp-block-toggles\"><summary>M\u00e1s informaci\u00f3n<\/summary><div class=\"wp-block-toggles__content\">\n<p class=\"has-text-color has-link-color wp-elements-0d1237de8e5fc5ebf2f80686439cca00\" style=\"color:#5e5e57;font-size:13px\"><strong>Caracter\u00edsticas de nuestro servicio de Vinculaci\u00f3n con el Medio<\/strong><\/p>\n\n\n\n<ul class=\"wp-block-list\">\n<li class=\"has-text-color has-link-color has-x-small-font-size wp-elements-958ba39f37dde01af6929612d134ce8e\" style=\"color:#5e5e57\">Dise\u00f1o y ejecuci\u00f3n de <strong>proyectos de vinculaci\u00f3n con el medio<\/strong> en contextos educativos, comunitarios e institucionales.<\/li>\n\n\n\n<li class=\"has-text-color has-link-color has-x-small-font-size wp-elements-631b5bb13c21acfce653ff2eb376ff40\" style=\"color:#5e5e57\">Facilitaci\u00f3n de actividades participativas con comunidades, organizaciones e instituciones.<\/li>\n\n\n\n<li class=\"has-text-color has-link-color has-x-small-font-size wp-elements-d2f3521e449bba42e79a4d821c0372ba\" style=\"color:#5e5e57\">Apoyo en procesos de <strong>articulaci\u00f3n territorial<\/strong> y trabajo colaborativo.<\/li>\n\n\n\n<li class=\"has-text-color has-link-color has-x-small-font-size wp-elements-1dfd2797334989fbf0dd25dac7526e8f\" style=\"color:#5e5e57\">Sistematizaci\u00f3n y documentaci\u00f3n de experiencias de vinculaci\u00f3n.<\/li>\n\n\n\n<li class=\"has-text-color has-link-color has-x-small-font-size wp-elements-e4b9de9cc684064d5f6af572fbafac7e\" style=\"color:#5e5e57\"><strong>Comunicaci\u00f3n y difusi\u00f3n<\/strong> de iniciativas de vinculaci\u00f3n con el medio.<\/li>\n\n\n\n<li class=\"has-text-color has-link-color has-x-small-font-size wp-elements-0a8d40722ae4c648d97fa842d4acbba6\" style=\"color:#5e5e57\">Enfoque centrado en el di\u00e1logo, la participaci\u00f3n y el respeto por los contextos locales.<\/li>\n<\/ul>\n<\/div><\/details>\n\n\n\n<div class=\"wp-block-kenta-blocks-spacer kb-spacer-71fa016a kb-spacer\" aria-hidden=\"true\"><\/div>\n","protected":false},"excerpt":{"rendered":"","protected":false},"author":1,"featured_media":0,"parent":0,"menu_order":0,"comment_status":"closed","ping_status":"closed","template":"","meta":{"site-container-style":"default","site-container-layout":"default","site-sidebar-layout":"default","site-transparent-header":"default","disable-article-header":"default","disable-site-header":"default","disable-site-footer":"default","disable-content-area-spacing":"default","footnotes":""},"class_list":["post-229","page","type-page","status-publish","hentry"],"_links":{"self":[{"href":"https:\/\/estudiosomori.cl\/index.php?rest_route=\/wp\/v2\/pages\/229","targetHints":{"allow":["GET"]}}],"collection":[{"href":"https:\/\/estudiosomori.cl\/index.php?rest_route=\/wp\/v2\/pages"}],"about":[{"href":"https:\/\/estudiosomori.cl\/index.php?rest_route=\/wp\/v2\/types\/page"}],"author":[{"embeddable":true,"href":"https:\/\/estudiosomori.cl\/index.php?rest_route=\/wp\/v2\/users\/1"}],"replies":[{"embeddable":true,"href":"https:\/\/estudiosomori.cl\/index.php?rest_route=%2Fwp%2Fv2%2Fcomments&post=229"}],"version-history":[{"count":41,"href":"https:\/\/estudiosomori.cl\/index.php?rest_route=\/wp\/v2\/pages\/229\/revisions"}],"predecessor-version":[{"id":494,"href":"https:\/\/estudiosomori.cl\/index.php?rest_route=\/wp\/v2\/pages\/229\/revisions\/494"}],"wp:attachment":[{"href":"https:\/\/estudiosomori.cl\/index.php?rest_route=%2Fwp%2Fv2%2Fmedia&parent=229"}],"curies":[{"name":"wp","href":"https:\/\/api.w.org\/{rel}","templated":true}]}}